{"id":1557,"date":"2021-10-27T14:59:17","date_gmt":"2021-10-27T12:59:17","guid":{"rendered":"http:\/\/www.nummelanfrisbeeseura.com\/kotisivut\/?page_id=1557"},"modified":"2022-03-17T07:39:07","modified_gmt":"2022-03-17T05:39:07","slug":"nummelan-frisbeeseura-ry-saannot","status":"publish","type":"page","link":"https:\/\/www.nummelanfrisbeeseura.com\/kotisivut\/nummelan-frisbeeseura-ry-saannot\/","title":{"rendered":"Nummelan frisbeeseura ry s\u00e4\u00e4nn\u00f6t"},"content":{"rendered":"\n<p><strong>1 \u00a7 Nimi ja kotipaikka<\/strong><\/p>\n\n\n\n<p>Yhdistyksen nimi on Nummelan frisbeeseura ry.<\/p>\n\n\n\n<p>Yhdistyksen kotipaikka on Vihdin kunta.<\/p>\n\n\n\n<p>Yhdistyksest\u00e4 k\u00e4ytet\u00e4\u00e4n n\u00e4iss\u00e4 s\u00e4\u00e4nn\u00f6iss\u00e4 nimityst\u00e4 seura.<\/p>\n\n\n\n<p>Seuran toiminta-alueena on Vihti ja l\u00e4hikunnat.<\/p>\n\n\n\n<p><strong>2 \u00a7 Seuran tarkoitus<\/strong><\/p>\n\n\n\n<p>Yhdistyksen tarkoituksena on tukea, edist\u00e4\u00e4 ja kehitt\u00e4\u00e4 paikallista<\/p>\n\n\n\n<p>frisbeeurheilu- ja harrastustoimintaa siten, ett\u00e4 kaikilla on mahdollisuus harrastaa ja osallistua kunto- ja terveysliikuntaan,<\/p>\n\n\n\n<p>kilpa- ja huippu-urheiluun tai n\u00e4ihin liittyv\u00e4\u00e4n yhdistystoimintaan edellytystens\u00e4 ja tarpeidensa mukaisesti.<\/p>\n\n\n\n<p>Toimintansa tukemiseksi yhdistys, j\u00e4rjest\u00e4\u00e4 talkoita pienimuotoisesti, myyj\u00e4isi\u00e4, kursseja, arpajaisia ja juhlia, sek\u00e4 ottaa vastaan lahjoituksia ja voittoa tavoittelematta v\u00e4litt\u00e4\u00e4 j\u00e4senilleen harrastusv\u00e4lineit\u00e4.<\/p>\n\n\n\n<p><strong>3 \u00a7 Tarkoituksen toteuttaminen<\/strong><\/p>\n\n\n\n<p>Tarkoitustaan seura toteuttaa:<\/p>\n\n\n\n<p>Tarkoituksensa toteuttamiseksi yhdistys j\u00e4rjest\u00e4\u00e4 neuvontaa ja opastusta j\u00e4senilleen ja j\u00e4rjest\u00e4\u00e4 kilpailuja, n\u00e4yt\u00f6ksi\u00e4, kursseja, j\u00e4senmatkoja\/tapaamisia ja yll\u00e4pit\u00e4\u00e4 internetsivuja.<\/p>\n\n\n\n<p>Tarjoamalla:<\/p>\n\n\n\n<ul class=\"wp-block-list\"><li>kunto- ja terveysliikuntatoimintaa<\/li><li>kilpaurheilua<\/li><li>ohjaus-, harjoitus- ja valmennustoimintaa<\/li><li>tiedotus- ja suhdetoimintaa<\/li><li>koulutustoimintaa<\/li><li>Vaikuttamalla laaja-alaisesti liikunta-, urheilu- ja yhdistysasioihin omalla alueellaan.<\/li><li>Harjoittamalla julkaisutoimintaa<\/li><li>Toimintansa tukemiseksi seura voi:<\/li><li>ker\u00e4\u00e4 j\u00e4senilt\u00e4\u00e4n vuotuisen j\u00e4senmaksun<\/li><li>myyd\u00e4 p\u00e4iv\u00e4- ja kausipelioikeuksia Kaatiksen frisbeegolfkent\u00e4lle <\/li><li>ottaa vastaan avustuksia, lahjoituksia ja testamentteja, omistaa toimintaansa varten tarpeellisia irtainta ja kiinte\u00e4\u00e4 omaisuutta <\/li><li>sek\u00e4 hankkia varoja j\u00e4rjest\u00e4en huvi- ja tanssitilaisuuksia, tavaran- tai rahanker\u00e4yksi\u00e4 ja arpajaisia sek\u00e4 bingotoimintaa harjoittaa v\u00e4litt\u00f6m\u00e4sti tarkoituksensa toteuttamiseen liittyv\u00e4\u00e4 tai taloudellisesti v\u00e4h\u00e4arvoista elinkeinotoimintaa<\/li><\/ul>\n\n\n\n<p><strong>\u00a04 \u00a7 Seuran j\u00e4senyys muissa yhdistyksiss\u00e4 <\/strong><\/p>\n\n\n\n<p>Seuran j\u00e4senyyksist\u00e4 muissa yhdistyksiss\u00e4 p\u00e4\u00e4tt\u00e4\u00e4 yhdistyksen kokous.<\/p>\n\n\n\n<p>Seura ja seuran j\u00e4senet sitoutuvat noudattamaan niiden j\u00e4rjest\u00f6jen s\u00e4\u00e4nt\u00f6j\u00e4, joiden j\u00e4senen\u00e4 seura on.<\/p>\n\n\n\n<p><strong>5 \u00a7 Seuran j\u00e4senet<\/strong><\/p>\n\n\n\n<p>Seuran j\u00e4seneksi voi seuran hallitus hyv\u00e4ksy\u00e4 henkil\u00f6n, joka sitoutuu noudattamaan seuran s\u00e4\u00e4nt\u00f6j\u00e4 ja p\u00e4\u00e4t\u00f6ksi\u00e4.<\/p>\n\n\n\n<p>Seuran varsinaiseksi j\u00e4seneksi voi seuran hallitus hyv\u00e4ksy\u00e4 18- vuotta t\u00e4ytt\u00e4neen henkil\u00f6n. Seuran juniorij\u00e4seneksi voi seuran hallitus hyv\u00e4ksy\u00e4 alle 18-vuotiaan henkil\u00f6n.<\/p>\n\n\n\n<p>Kunniaj\u00e4seneksi voi seuran kokous kutsua hallituksen esityksest\u00e4 henkil\u00f6n, joka on eritt\u00e4in merkitt\u00e4v\u00e4sti edist\u00e4nyt seuran toimintaa.<\/p>\n\n\n\n<p>Kunniapuheenjohtajaksi voi seuran kokous kutsua seuran puheenjohtajana ansiokkaasti toimineen henkil\u00f6n.<\/p>\n\n\n\n<p>Kannattajaj\u00e4seneksi voi seuran hallitus hyv\u00e4ksy\u00e4 henkil\u00f6n tai oikeuskelpoisen yhteis\u00f6n, joka tukee seuran toimintaa suorittamalla vuotuisen tai kertakaikkisen kannattajaj\u00e4senmaksun.<\/p>\n\n\n\n<p><strong>6 \u00a7 Seura ja seuran j\u00e4senet sitoutuvat urheilun oikeusturvalautakunnan toimivaltaan ja sitoutuvat noudattamaan lautakunnan p\u00e4\u00e4t\u00f6ksi\u00e4.<\/strong><\/p>\n\n\n\n<p><strong>7 \u00a7 Seurasta eroaminen<\/strong><\/p>\n\n\n\n<p>J\u00e4senell\u00e4 on oikeus erota seurasta ilmoittamalla siit\u00e4 kirjallisesti hallitukselle tai sen puheenjohtajalle taikka ilmoittamalla erosta seuran kokouksessa p\u00f6yt\u00e4kirjaan merkitsemist\u00e4 varten. Ero katsotaan tapahtuneeksi heti, kun ilmoitus on tehty, mutta eroava j\u00e4sen on velvollinen suorittamaan maksunsa sek\u00e4 muut n\u00e4iden s\u00e4\u00e4nt\u00f6jen edellytt\u00e4m\u00e4t velvoitteet kuluvan kalenterivuoden loppuun asti.<\/p>\n\n\n\n<p><strong>8 \u00a7 J\u00e4senen erottaminen maksamattoman j\u00e4senmaksun johdosta<\/strong><\/p>\n\n\n\n<p>J\u00e4sen katsotaan eronneeksi, jos h\u00e4n on j\u00e4tt\u00e4nyt kuusi kuukautta sitten er\u00e4\u00e4ntyneen j\u00e4senmaksun maksamatta.<\/p>\n\n\n\n<p><strong>9 \u00a7 J\u00e4senen erottaminen ja muut kurinpitotoimet Seuran j\u00e4sen sitoutuu noudattamaan:<\/strong><\/p>\n\n\n\n<p>seuran s\u00e4\u00e4nt\u00f6j\u00e4 tai niiden nojalla annettuja muita m\u00e4\u00e4r\u00e4yksi\u00e4 ja p\u00e4\u00e4t\u00f6ksi\u00e4 niiden j\u00e4rjest\u00f6jen, joiden j\u00e4sen seura on, s\u00e4\u00e4nt\u00f6j\u00e4 tai niiden nojalla annettuja muita m\u00e4\u00e4r\u00e4yksi\u00e4 ja p\u00e4\u00e4t\u00f6ksi\u00e4 urheilun eettisi\u00e4 periaatteita kulloinkin voimassa olevaa kansainv\u00e4list\u00e4 ja kansallista<\/p>\n\n\n\n<p>\u00a0antidopings\u00e4\u00e4nn\u00f6st\u00f6\u00e4 ja kansainv\u00e4lisen lajiliiton antidopings\u00e4\u00e4nn\u00f6st\u00f6j\u00e4 sek\u00e4 kansainv\u00e4lisen olympiakomitean antidopings\u00e4\u00e4nn\u00f6st\u00f6j\u00e4kilpailutulosten ja -tapahtumien manipuloinnin kieltoa koskevia s\u00e4\u00e4nn\u00f6st\u00f6j\u00e4 Rangaista voidaan seuran j\u00e4sent\u00e4 tai sit\u00e4, joka on seuran toiminnassa mukana ja joka on kirjallisesti sitoutunut n\u00e4ihin s\u00e4\u00e4nt\u00f6ihin Rangaistavaa on:<\/p>\n\n\n\n<p>toimiminen tavalla, jonka tunnusmerkit t\u00e4ytt\u00e4v\u00e4t yhdistyslaissa mainitut erottamisperusteet n\u00e4iden s\u00e4\u00e4nt\u00f6jen tai niiden nojalla annettujen muiden m\u00e4\u00e4r\u00e4ysten ja p\u00e4\u00e4t\u00f6sten vastainen toiminta niiden j\u00e4rjest\u00f6jen, joiden j\u00e4senen\u00e4 seura on, s\u00e4\u00e4nt\u00f6jen tai niiden nojalla annettujen muiden m\u00e4\u00e4r\u00e4ysten ja p\u00e4\u00e4t\u00f6sten vastainen toiminta syyllistyminen dopingrikkomukseen toimiminen seuran tarkoitusta vastaan seuran maineen vahingoittaminen seuran toiminnassa tai sen ulkopuolella liikunnan ja urheilun eettisten periaatteiden rikkominen syyllistyminen rikokseen seuran toiminnassa tai sen ulkopuolella, jos rikoksesta on tuomittu ehdolliseen tai ehdottomaan vankeusrangaistukseen Liikunnan ja urheilun eettisten periaatteiden rikkomista ovat:<\/p>\n\n\n\n<p>huumeiden ja dopingaineiden k\u00e4ytt\u00f6 tai k\u00e4yt\u00f6n edist\u00e4minen julkinen h\u00e4iritsev\u00e4 esiintyminen alkoholin tai huumausaineiden vaikutuksen alaisena seuran toiminnassa tai sen ulkopuolella tupakan ja tupakkatuotteiden k\u00e4yt\u00f6n yhdist\u00e4minen urheilutilanteisiin ep\u00e4asiallinen k\u00e4ytt\u00e4ytyminen kilpailu- ja harjoitustilanteessa v\u00e4kivalta, t\u00f6rke\u00e4 kielenk\u00e4ytt\u00f6 ja ep\u00e4asiallinen arvostelu urheiluhuijaus, kuten kilpailutilan tai -v\u00e4lineiden manipulointi kilpailutulosten ja -tapahtumien manipulointi tai niiden yritys vedonly\u00f6nti omasta kilpailusta joko itse tai edustajan kautta lainvastainen mainonta seksuaalinen ja sukupuoleen perustuva h\u00e4irint\u00e4 kaikissa muodoissaan riippumatta siit\u00e4 seuraako teosta rikosoikeudellinen rangaistus rasistinen k\u00e4yt\u00f6s seurassa tai sen ulkopuolella lahjonta Rangaistuksena voidaan m\u00e4\u00e4r\u00e4t\u00e4 varoitus, sakko, j\u00e4senoikeuksien m\u00e4\u00e4r\u00e4aikainen rajoittaminen, pelikielto, toimintakielto seuran toiminnasta tai erottaminen seurasta.<\/p>\n\n\n\n<p>Seuran hallitus p\u00e4\u00e4tt\u00e4 erottamisesta ja muista kurinpitotoimista ja niiden yhteydess\u00e4 annettavista rangaistuksista. Asianosaista on aina kuultava ennen p\u00e4\u00e4t\u00f6ksen tekemist\u00e4.<\/p>\n\n\n\n<p>Seuran kokous voi hallituksen esityksest\u00e4 p\u00e4\u00e4tt\u00e4\u00e4 kurinpitovallan siirt\u00e4misest\u00e4 erilliselle kurinpitoelimelle ja hyv\u00e4ksy\u00e4 t\u00e4lle elimelle oman johtos\u00e4\u00e4nn\u00f6n.<\/p>\n\n\n\n<p>Erottamis- ja kurinpitop\u00e4\u00e4t\u00f6s tulee voimaan heti ja sen katsotaan tulleen asianomaisen tietoon viisi p\u00e4iv\u00e4\u00e4 sen j\u00e4lkeen, kun p\u00e4\u00e4t\u00f6s on<\/p>\n\n\n\n<p>\u00a0l\u00e4hetetty sille kirjatussa kirjeess\u00e4. P\u00e4\u00e4t\u00f6s voidaan antaa todisteellisesti tiedoksi my\u00f6s muulla tavalla, jolloin p\u00e4\u00e4t\u00f6s on tullut tietoon tiedoksiantohetkell\u00e4.<\/p>\n\n\n\n<p>Erotetulla ja kurinpitop\u00e4\u00e4t\u00f6ksen kohteella ei ole oikeutta vaatia takaisin seuralle suorittamiaan maksuja.<\/p>\n\n\n\n<p>Dopingrikkomukset ja seuran j\u00e4senelle niist\u00e4 m\u00e4\u00e4r\u00e4tt\u00e4v\u00e4t seuraamukset on m\u00e4\u00e4r\u00e4tty edell\u00e4 mainituissaantidopings\u00e4\u00e4nn\u00f6st\u00f6iss\u00e4.<\/p>\n\n\n\n<p>Mik\u00e4li lajiliiton tai muun kattoj\u00e4rjest\u00f6n s\u00e4\u00e4nt\u00f6j\u00e4 ja m\u00e4\u00e4r\u00e4yksi\u00e4 ep\u00e4ill\u00e4\u00e4n rikotun, on n\u00e4ill\u00e4 j\u00e4rjest\u00f6ill\u00e4 ensisijainen kurinpitovalta. Seuran tulee ottaa huomioon n\u00e4iden j\u00e4rjest\u00f6jen kurinpitop\u00e4\u00e4t\u00f6kset omassa kurinpitomenettelyss\u00e4\u00e4n.<\/p>\n\n\n\n<p><strong>10 \u00a7 Liittymis- ja j\u00e4senmaksut<\/strong><\/p>\n\n\n\n<p>Uuden varsinaisen ja kannatusj\u00e4senen liittyess\u00e4 yhdistykseen voidaan peri\u00e4 my\u00f6s liittymismaksu, jonka suuruuden erikseen molemmille j\u00e4senryhmille p\u00e4\u00e4tt\u00e4\u00e4 syyskokous.<\/p>\n\n\n\n<p>Varsinaisilta j\u00e4senilt\u00e4 ja juniorij\u00e4senilt\u00e4 kannettavien liittymis- ja j\u00e4senmaksujen sek\u00e4 kannattajaj\u00e4senmaksujen suuruudesta p\u00e4\u00e4tt\u00e4\u00e4 vuosittain seuran syyskokous. Kunniaj\u00e4senilt\u00e4 ja kunniapuheenjohtajalta ei perit\u00e4 maksuja.<\/p>\n\n\n\n<p>Liittymis- ja j\u00e4senmaksut voivat olla erisuuruisia eri j\u00e4senryhmiss\u00e4.<\/p>\n\n\n\n<p>J\u00e4senmaksu on suoritettava yhdistykselle toimintavuoden maaliskuun 31. p\u00e4iv\u00e4\u00e4n menness\u00e4.<\/p>\n\n\n\n<p><strong>11 \u00a7 Tilikausi ja tilintarkastus<\/strong><\/p>\n\n\n\n<p>Yhdistyksen tilikausi on kalenterivuosi.<\/p>\n\n\n\n<p>Tilinp\u00e4\u00e4t\u00f6s tarvittavine asiakirjoineen ja hallituksen vuosikertomus on annettava tilintarkastajille viimeist\u00e4\u00e4n kuukautta ennen kev\u00e4tkokousta.<\/p>\n\n\n\n<p>Tilintarkastajien tulee antaa kirjallinen lausuntonsa viimeist\u00e4\u00e4n kaksi viikkoa ennen kev\u00e4tkokousta hallitukselle.<\/p>\n\n\n\n<p><strong>12 \u00a7 Seuran varsinaiset ja ylim\u00e4\u00e4r\u00e4iset kokoukset <\/strong><\/p>\n\n\n\n<p>Seura pit\u00e4\u00e4 vuosittain kaksi varsinaista kokousta, joista kev\u00e4tkokous pidet\u00e4\u00e4n helmi-huhtikuussa ja syyskokous loka- joulukuussa. Kokouksen paikan ja tarkemman ajan m\u00e4\u00e4r\u00e4\u00e4 seuran hallitus.<\/p>\n\n\n\n<p>Kutsu varsinaiseen ja ylim\u00e4\u00e4r\u00e4iseen seuran kokoukseen on julkaistava v\u00e4hint\u00e4\u00e4n 14 p\u00e4iv\u00e4\u00e4 ennen kokousta seuran internetsivuilla tai l\u00e4hett\u00e4m\u00e4ll\u00e4 kokouskutsu j\u00e4senen ilmoittamaan s\u00e4hk\u00f6postiosoitteeseen.<\/p>\n\n\n\n<p><strong>13 \u00a7 Kev\u00e4t- ja syyskokous<\/strong><\/p>\n\n\n\n<p><strong>\u00a0Kev\u00e4tkokouksen asiat<\/strong><\/p>\n\n\n\n<ol class=\"wp-block-list\"><li>Avataan kokous<\/li><li>Valitaan kokoukselle<\/li><li>puheenjohtaja<ul><li>sihteeri<\/li><li>kaksi p\u00f6yt\u00e4kirjan tarkastajaa<\/li><li>\u00e4\u00e4ntenlaskijat<\/li><\/ul><\/li><li>Todetaan l\u00e4sn\u00e4olevat \u00e4\u00e4nioikeutetut j\u00e4senet<\/li><li>Todetaan kokouksen laillisuus ja p\u00e4\u00e4t\u00f6svaltaisuus<\/li><li>Esitet\u00e4\u00e4n hallituksen laatima vuosikertomus ja tilinp\u00e4\u00e4t\u00f6s sek\u00e4 tilintarkastajien antama lausunto tai toiminnantarkastajan antama toiminnantarkastuskertomus<\/li><li>P\u00e4\u00e4tet\u00e4\u00e4n tilinp\u00e4\u00e4t\u00f6ksen vahvistamisesta ja vastuuvapauden my\u00f6nt\u00e4misest\u00e4 hallitukselle ja muille vastuuvelvollisille<\/li><li>K\u00e4sitell\u00e4\u00e4n muut kokouskutsussa mainitut asiat<\/li><li>P\u00e4\u00e4tet\u00e4\u00e4n kokous<\/li><\/ol>\n\n\n\n<p><strong>Syyskokouksen asiat<\/strong><\/p>\n\n\n\n<ol class=\"wp-block-list\"><li>Avataan kokous<\/li><li>Valitaan kokoukselle<ul><li>puheenjohtaja<\/li><li>sihteeri<\/li><li>kaksi p\u00f6yt\u00e4kirjan tarkastajaa<\/li><li>\u00e4\u00e4ntenlaskijat<\/li><\/ul><\/li><li>Todetaan l\u00e4sn\u00e4olevat \u00e4\u00e4nioikeutetut j\u00e4senet<\/li><li>Todetaan kokouksen laillisuus ja p\u00e4\u00e4t\u00f6svaltaisuus<\/li><li>P\u00e4\u00e4tet\u00e4\u00e4n tarvittaessa mitk\u00e4 liikunta- ja urheilulajit ovat seuran ohjelmassa tulevana toimikautena<\/li><li>P\u00e4\u00e4tet\u00e4\u00e4n tarvittaessa seuran j\u00e4senyydest\u00e4 muissa j\u00e4rjest\u00f6iss\u00e4 ja yhteis\u00f6iss\u00e4<\/li><li>Vahvistetaan liittymis-, j\u00e4sen- ja kannattajaj\u00e4senmaksujen suuruus<\/li><li>Vahvistetaan toimintasuunnitelma ja talousarvio<\/li><li>Valitaan hallituksen puheenjohtaja<\/li><li>Valitaan hallituksen muut j\u00e4senet<\/li><li>Valitaan yksi tilintarkastaja tai toiminnantarkastaja ja varatilintarkastaja tai varatoiminnantarkastaja<\/li><li>P\u00e4\u00e4tet\u00e4\u00e4n tarvittaessa seuran edustajista niihin j\u00e4rjest\u00f6ihin ja yhteis\u00f6ihin, joissa seura on j\u00e4senen\u00e4<\/li><li>K\u00e4sitell\u00e4\u00e4n muut kokouskutsussa mainitut asiat<\/li><li>P\u00e4\u00e4tet\u00e4\u00e4n kokous<\/li><\/ol>\n\n\n\n<p>Asioista, joita seuran j\u00e4senet haluavat kev\u00e4t- tai syyskokouksen k\u00e4sitelt\u00e4viksi, on teht\u00e4v\u00e4 hallitukselle kirjallinen esitys viimeist\u00e4\u00e4n 30 p\u00e4iv\u00e4\u00e4 ennen kokousta.<\/p>\n\n\n\n<p>Kokouksiin voi osallistua et\u00e4yhteydell\u00e4. Et\u00e4yhteyden k\u00e4yt\u00f6st\u00e4 ja toteutustavasta p\u00e4\u00e4tt\u00e4\u00e4 hallitus.<\/p>\n\n\n\n<p>14 \u00a7 Seuran ylim\u00e4\u00e4r\u00e4inen kokous<\/p>\n\n\n\n<p>Seuran ylim\u00e4\u00e4r\u00e4inen kokous pidet\u00e4\u00e4n silloin, kun seuran hallitus katsoo sen tarpeelliseksi, seuran kokous niin p\u00e4\u00e4tt\u00e4\u00e4 tai kun v\u00e4hint\u00e4\u00e4n yksi kymmenesosa seuran \u00e4\u00e4nioikeutetuista j\u00e4senist\u00e4 on jonkin m\u00e4\u00e4r\u00e4tyn asian takia tehnyt siit\u00e4 hallitukselle kirjallisen esityksen. Ylim\u00e4\u00e4r\u00e4isen kokouksen kutsussa on mainittava asia, jonka vuoksi kokous on koolle kutsuttu.<\/p>\n\n\n\n<p>Ylim\u00e4\u00e4r\u00e4inen kokous on pidett\u00e4v\u00e4 viimeist\u00e4\u00e4n kahden kuukauden kuluessa siit\u00e4, kun j\u00e4senet ovat tehneet siit\u00e4 edell\u00e4 mainitulla tavalla esityksen.<\/p>\n\n\n\n<p><strong>15 \u00a7 P\u00f6yt\u00e4kirja<\/strong><\/p>\n\n\n\n<p>Seuran, sen hallituksen, jaostojen ja valiokuntien kokouksissa on pidett\u00e4v\u00e4 p\u00f6yt\u00e4kirjaa. Seuran ja hallituksen kokousten p\u00f6yt\u00e4kirjat ovat kokousten puheenjohtajan ja sihteerin allekirjoitettava.<\/p>\n\n\n\n<p>Hallituksen, jaostojen ja valiokuntien p\u00f6yt\u00e4kirjat tarkistetaan heti tai seuraavassa kokouksessa.<\/p>\n\n\n\n<p><strong>16 \u00a7 \u00c4\u00e4nestys<\/strong><\/p>\n\n\n\n<p>Kokouksen p\u00e4\u00e4t\u00f6kseksi tulee asiakysymyksiss\u00e4 se mielipide, jota on kannattanut yli puolet annetuista \u00e4\u00e4nist\u00e4. Vaaleissa tulevat valituiksi enimm\u00e4t \u00e4\u00e4net saaneet (suhteellinen enemmist\u00f6). Jos valittavana on vain yksi henkil\u00f6, valituksi tulemiseen tarvitaan kuitenkin yli puolet annetuista \u00e4\u00e4nist\u00e4 (ehdoton enemmist\u00f6). \u00c4\u00e4nten menness\u00e4 tasan asiakysymyksiss\u00e4 ratkaisee puheenjohtajan ilmoittama kanta ja vaaleissa arpa. Kaikissa kokouksissa suoritetaan vaadittaessa \u00e4\u00e4nestys suljettuja lippuja k\u00e4ytt\u00e4m\u00e4ll\u00e4.<\/p>\n\n\n\n<p>Jokaisella liittymismaksunsa ja kokoukseen menness\u00e4 j\u00e4senmaksunsa maksaneella varsinaisella j\u00e4senell\u00e4 ja viisitoista vuotta t\u00e4ytt\u00e4neell\u00e4 juniorij\u00e4senell\u00e4, sek\u00e4 kunniaj\u00e4senell\u00e4 ja kunniapuheenjohtajalla on yksi \u00e4\u00e4ni.&nbsp; Kannattajaj\u00e4senill\u00e4 ei ole \u00e4\u00e4nioikeutta. Valtakirjalla ei saa \u00e4\u00e4nest\u00e4\u00e4.<\/p>\n\n\n\n<p><strong>17 \u00a7 Seuran hallinto<\/strong><\/p>\n\n\n\n<p>\u00a0Yhdistyksen asioita hoitaa hallitus, johon kuuluu syyskokouksessa valitut puheenjohtaja ja v\u00e4hint\u00e4\u00e4n kolme (3) ja enint\u00e4\u00e4n kahdeksan (8)muuta varsinaista j\u00e4sent\u00e4 sek\u00e4 kaksi (2) varaj\u00e4sent\u00e4.<\/p>\n\n\n\n<p>Hallituksen toimikausi on kalenterivuosi.<\/p>\n\n\n\n<p>Hallitus valitsee keskuudestaan varapuheenjohtajan sek\u00e4 ottaa keskuudestaan tai ulkopuoleltaan sihteerin, rahastonhoitajan ja muut tarvittavat toimihenkil\u00f6t.<\/p>\n\n\n\n<p>Seuran hallitukseen valitaan sek\u00e4 miehi\u00e4 ett\u00e4 naisia, ellei erityisi\u00e4 syit\u00e4 ole.<\/p>\n\n\n\n<p>Seuran hallitus valitsee keskuudestaan varapuheenjohtajan. Seuran hallitus valitsee lis\u00e4ksi sihteerin ja muut tarvittavat toimihenkil\u00f6t, jotka voidaan valita my\u00f6s hallituksen ulkopuolelta.<\/p>\n\n\n\n<p>Seuran hallitus kokoontuu puheenjohtajan tai h\u00e4nen ollessaan estynyt varapuheenjohtajan kutsusta, kun he katsovat sen tarpeelliseksi tai kun puolet hallituksen j\u00e4senist\u00e4 kirjallisesti sit\u00e4 vaatii.<\/p>\n\n\n\n<p>Seuran hallitus on p\u00e4\u00e4t\u00f6svaltainen, kun puheenjohtaja tai h\u00e4nen estyneen\u00e4 ollessaan varapuheenjohtaja ja h\u00e4nen lis\u00e4kseen v\u00e4hint\u00e4\u00e4n puolet sen j\u00e4senist\u00e4 on saapuvilla.<\/p>\n\n\n\n<p><strong>Hallituksen teht\u00e4v\u00e4n\u00e4 on erityisesti<\/strong><\/p>\n\n\n\n<ol class=\"wp-block-list\"><li>Toteuttaa seuran kokouksen p\u00e4\u00e4t\u00f6kset<\/li><li>Johtaa ja kehitt\u00e4\u00e4 seuran toimintaa<\/li><li>Valita tarvittavat jaostot, valiokunnat ja ty\u00f6ryhm\u00e4t sek\u00e4 niiden puheenjohtajat<\/li><li>Kutsua koolle ja valmistella seuran kokous<\/li><li>Vastata seuran taloudesta<\/li><li>Pit\u00e4\u00e4 j\u00e4senluetteloa<\/li><li>Tehd\u00e4 seuran tilinp\u00e4\u00e4t\u00f6s ja vuosikertomus<\/li><li>Tehd\u00e4 toiminta- ja taloussuunnitelma seuraavaa toimintavuotta varten<\/li><li> Hoitaa seuran tiedotustoimintaa<\/li><li>Hyv\u00e4ksy\u00e4 ja erottaa j\u00e4senet sek\u00e4 p\u00e4\u00e4tt\u00e4\u00e4 j\u00e4seni\u00e4 koskevista kurinpitotoimista<\/li><li>Valita ja erottaa seuran palkatut toimihenkil\u00f6t sek\u00e4 sopia heid\u00e4n eduistaan<\/li><li>P\u00e4\u00e4tt\u00e4\u00e4 seuran ansiomerkkien my\u00f6nt\u00e4misest\u00e4 ja muiden kunnia- ja ansiomerkkien esitt\u00e4misest\u00e4<\/li><li>Ryhty\u00e4 muihin toimenpiteisiin, joita seuran etu vaatii<\/li><li>Luovuttaa tilit tilintarkastajille tai toiminnantarkastajalle tarkastettavaksi v\u00e4hint\u00e4\u00e4n kuukautta ennen kev\u00e4tkokousta.<\/li><\/ol>\n\n\n\n<p><strong>18 \u00a7 Nimenkirjoittajat<\/strong><\/p>\n\n\n\n<p>Seuran nimen kirjoittavat puheenjohtaja tai varapuheenjohtaja yksin.<\/p>\n\n\n\n<p>Nimenkirjoittajien on oltava t\u00e4ysi-ik\u00e4isi\u00e4.<\/p>\n\n\n\n<p><strong>19 \u00a7 Jaostot ja joukkueet<\/strong><\/p>\n\n\n\n<p>Seuran jaostot tai joukkueet voivat p\u00e4\u00e4tt\u00e4\u00e4 sis\u00e4isest\u00e4 toiminnastaan kuitenkin siten, ett\u00e4 seuran hallitus vahvistaa niiden tekem\u00e4t oikeustoimet.<\/p>\n\n\n\n<p>Seuran ja sen jaostojen tai joukkueiden taloushallinnosta p\u00e4\u00e4tt\u00e4\u00e4 seuran hallitus. Jaoston, joukkueen ja seuran toiminnassa mukana olevien yhdistyksen nimiss\u00e4 ker\u00e4\u00e4m\u00e4t varat ovat l\u00e4ht\u00f6kohtaisesti yhdistyksen varoja. Seuran hallitus p\u00e4\u00e4tt\u00e4\u00e4 n\u00e4iden varojen k\u00e4yt\u00f6st\u00e4.<\/p>\n\n\n\n<p><strong>20 \u00a7 S\u00e4\u00e4nt\u00f6jen muuttaminen<\/strong><\/p>\n\n\n\n<p>N\u00e4iden s\u00e4\u00e4nt\u00f6jen muuttamisesta p\u00e4\u00e4tt\u00e4\u00e4 seuran kokous v\u00e4hint\u00e4\u00e4n kolmen nelj\u00e4sosan enemmist\u00f6ll\u00e4 annetuista \u00e4\u00e4nist\u00e4. Kokouskutsussa on mainittava s\u00e4\u00e4nt\u00f6jen muuttamisesta.<\/p>\n\n\n\n<p><strong>21 \u00a7 Seuran purkaminen<\/strong><\/p>\n\n\n\n<p>Seuran purkamisesta p\u00e4\u00e4tt\u00e4\u00e4 seuran kokous v\u00e4hint\u00e4\u00e4n kolmen nelj\u00e4sosan enemmist\u00f6ll\u00e4 annetuista \u00e4\u00e4nist\u00e4. Kokouskutsussa on mainittava erikseen seuran purkamisesta.<\/p>\n\n\n\n<p><strong>22 \u00a7 Seuran varojen luovuttaminen<\/strong><\/p>\n\n\n\n<p>Jos seura on p\u00e4\u00e4tetty purkaa, sen varat on luovutettava johonkin seuran toiminta-alueen liikuntakasvatusta edist\u00e4v\u00e4\u00e4n tarkoitukseen purkamisesta p\u00e4\u00e4tt\u00e4neen kokouksen p\u00e4\u00e4t\u00f6ksen mukaisesti.<\/p>\n\n\n\n<p>Pes\u00e4nselvitysmiehin\u00e4 toimivat kokouksen valitsemat henkil\u00f6t.<\/p>\n\n\n\n<p>Seuran purkamisesta on ilmoitettava yhdistysrekisteriin.<\/p>\n\n\n\n<p><strong>23 \u00a7 Saavutetut j\u00e4senoikeudet<\/strong><\/p>\n\n\n\n<p>Saavutetut j\u00e4senoikeudet s\u00e4ilyv\u00e4t.<\/p>\n\n\n\n<p><strong>24 \u00a7 Muuta<\/strong><\/p>\n\n\n\n<p>Yhdistyksell\u00e4 on oikeus julistaa kilpailutulokset ja luettelo pelaajista valitsemallaan tavalla.<\/p>\n\n\n\n<p>Osallistuessaan yhdistyksen kilpailuun j\u00e4sen suostuu siihen, ett\u00e4 h\u00e4nen tuloksensa julkistetaan.<\/p>\n","protected":false},"excerpt":{"rendered":"<p>1 \u00a7 Nimi ja kotipaikka Yhdistyksen nimi on Nummelan frisbeeseura ry. Yhdistyksen kotipaikka on Vihdin kunta. Yhdistyksest\u00e4 k\u00e4ytet\u00e4\u00e4n n\u00e4iss\u00e4 s\u00e4\u00e4nn\u00f6iss\u00e4 nimityst\u00e4 seura. Seuran toiminta-alueena on Vihti ja l\u00e4hikunnat. 2 \u00a7 Seuran tarkoitus Yhdistyksen tarkoituksena on tukea, edist\u00e4\u00e4 ja kehitt\u00e4\u00e4 paikallista frisbeeurheilu- ja harrastustoimintaa siten, ett\u00e4 kaikilla on mahdollisuus harrastaa ja osallistua kunto- ja terveysliikuntaan, kilpa- &hellip; <a href=\"https:\/\/www.nummelanfrisbeeseura.com\/kotisivut\/nummelan-frisbeeseura-ry-saannot\/\" class=\"more-link\">Jatka lukemista <span class=\"screen-reader-text\">Nummelan frisbeeseura ry s\u00e4\u00e4nn\u00f6t<\/span> <span class=\"meta-nav\">&rarr;<\/span><\/a><\/p>\n","protected":false},"author":3,"featured_media":0,"parent":0,"menu_order":0,"comment_status":"closed","ping_status":"closed","template":"","meta":{"_bbp_topic_count":0,"_bbp_reply_count":0,"_bbp_total_topic_count":0,"_bbp_total_reply_count":0,"_bbp_voice_count":0,"_bbp_anonymous_reply_count":0,"_bbp_topic_count_hidden":0,"_bbp_reply_count_hidden":0,"_bbp_forum_subforum_count":0,"jetpack_post_was_ever_published":false,"footnotes":""},"class_list":["post-1557","page","type-page","status-publish","hentry"],"jetpack_sharing_enabled":true,"jetpack_shortlink":"https:\/\/wp.me\/P8w7cz-p7","jetpack-related-posts":[],"_links":{"self":[{"href":"https:\/\/www.nummelanfrisbeeseura.com\/kotisivut\/wp-json\/wp\/v2\/pages\/1557","targetHints":{"allow":["GET"]}}],"collection":[{"href":"https:\/\/www.nummelanfrisbeeseura.com\/kotisivut\/wp-json\/wp\/v2\/pages"}],"about":[{"href":"https:\/\/www.nummelanfrisbeeseura.com\/kotisivut\/wp-json\/wp\/v2\/types\/page"}],"author":[{"embeddable":true,"href":"https:\/\/www.nummelanfrisbeeseura.com\/kotisivut\/wp-json\/wp\/v2\/users\/3"}],"replies":[{"embeddable":true,"href":"https:\/\/www.nummelanfrisbeeseura.com\/kotisivut\/wp-json\/wp\/v2\/comments?post=1557"}],"version-history":[{"count":4,"href":"https:\/\/www.nummelanfrisbeeseura.com\/kotisivut\/wp-json\/wp\/v2\/pages\/1557\/revisions"}],"predecessor-version":[{"id":1989,"href":"https:\/\/www.nummelanfrisbeeseura.com\/kotisivut\/wp-json\/wp\/v2\/pages\/1557\/revisions\/1989"}],"wp:attachment":[{"href":"https:\/\/www.nummelanfrisbeeseura.com\/kotisivut\/wp-json\/wp\/v2\/media?parent=1557"}],"curies":[{"name":"wp","href":"https:\/\/api.w.org\/{rel}","templated":true}]}}