{"id":16,"date":"2017-03-17T12:00:14","date_gmt":"2017-03-17T12:00:14","guid":{"rendered":"http:\/\/www.nummelanfrisbeeseura.com\/kotisivut\/?page_id=16"},"modified":"2026-01-03T14:00:15","modified_gmt":"2026-01-03T12:00:15","slug":"jasenmaksut","status":"publish","type":"page","link":"https:\/\/www.nummelanfrisbeeseura.com\/kotisivut\/jasenmaksut\/","title":{"rendered":"J\u00e4seneksi?"},"content":{"rendered":"\n<hr class=\"wp-block-separator has-css-opacity\"\/>\n\n\n\n<h4 class=\"wp-block-heading\" style=\"font-size:22px\"><strong>Tervetuloa j\u00e4seneksi asioiden pariin!<\/strong><\/h4>\n\n\n\n<p>Nummelan frisbeeseura ry. (NFS) on Suomen Frisbeegolfliiton (SFL) j\u00e4senseura eli seuramme j\u00e4senet ovat j\u00e4senmaksumme maksamalla my\u00f6s SFL:n&nbsp;j\u00e4seni\u00e4.<\/p>\n\n\n\n<p style=\"font-size:22px\"><strong>Sis\u00e4llysluettelo<\/strong><\/p>\n\n\n\n<ul class=\"wp-block-list\">\n<li>J\u00e4senmaksut<\/li>\n\n\n\n<li>Vinkit<\/li>\n\n\n\n<li>Uudet j\u00e4senet<\/li>\n\n\n\n<li>Vanhat j\u00e4senet<\/li>\n\n\n\n<li>Kilpailulisenssin hankinta<\/li>\n\n\n\n<li>Suomen frisbeegolfliiton &#8221;j\u00e4senyys, lisenssi ja vakuutus&#8221;<\/li>\n\n\n\n<li>J\u00e4senet Disc Golf Metrixiss\u00e4 (Seurat)<\/li>\n\n\n\n<li>Disc Golf Metrix ja SuomiSport linkitys<\/li>\n<\/ul>\n\n\n\n<p style=\"font-size:24px\"><strong><span style=\"text-decoration: underline;\">J\u00e4senmaksut:<\/span><\/strong><\/p>\n\n\n\n<p style=\"font-size:18px\"><strong>NFS Aikuisj\u00e4sen 2026: 15 \u20ac<\/strong><\/p>\n\n\n\n<ul class=\"wp-block-list\">\n<li>Nummelan frisbeeseuran aikuisj\u00e4senmaksu vuodelle 2026. 2007 ja ennen syntyneille.<\/li>\n\n\n\n<li>Suomen frisbeegolfliiton alaisissa kilpailuissa pelaamiseen vaaditaan lis\u00e4ksi liiton kilpailulisenssi.<\/li>\n\n\n\n<li>Kilpailulisenssi hankitaan SuomiSportista. Pelaaja vastaa itse oikeudestaan pelata liiton alaisissa kilpailuissa.<\/li>\n<\/ul>\n\n\n\n<p style=\"font-size:18px\"><strong>NFS Juniorij\u00e4senmaksu 2026: 8 \u20ac<\/strong><\/p>\n\n\n\n<ul class=\"wp-block-list\">\n<li>Nummelan frisbeeseuran juniorij\u00e4senmaksu vuodella 2025. 2007 ja sen j\u00e4lkeen syntyneille.<\/li>\n\n\n\n<li>Suomen frisbeegolfliiton alaisissa kilpailuissa pelaamiseen vaditaan lis\u00e4ksi liiton kilpailulisenssi.<\/li>\n\n\n\n<li>Kilpailulisenssi ostetaan SuomiSportista.Pelaaja vastaa itse oikeudestaan pelata liiton alaisissa kilpailuissa.<\/li>\n<\/ul>\n\n\n\n<p style=\"font-size:24px\"><strong><span style=\"text-decoration: underline;\">VINKIT:<\/span><\/strong><\/p>\n\n\n\n<ol class=\"wp-block-list\">\n<li><strong>Uusien j\u00e4senien<\/strong> tulee ensimm\u00e4isen\u00e4 tehd\u00e4 j\u00e4senhakemus\n<ul class=\"wp-block-list\">\n<li>T\u00e4yt\u00e4th\u00e4n kaikki tiedot huolellisesti ja juniorij\u00e4senien osalta tulee olla huoltajan tiedot t\u00e4ytetty<\/li>\n\n\n\n<li>J\u00e4sensanomuksen hylky voi johtua siit\u00e4, ett\u00e4 ei ole annettu tarpeellisia tietoja, mahdollisen huoltajan tiedot puuttuu tms.<\/li>\n<\/ul>\n<\/li>\n\n\n\n<li>Hyv\u00e4ksymisen j\u00e4lkeen, maksa j\u00e4senmaksu!\n<ul class=\"wp-block-list\">\n<li>Maksaminen tapahtuu Suomisportin kautta, &#8221;Maksut&#8221; osiossa<\/li>\n<\/ul>\n<\/li>\n\n\n\n<li>Vanhat (2025) j\u00e4senet voivat menn\u00e4 suoraan SuomiSporttiin &#8221;Maksut&#8221; jossa p\u00e4\u00e4see seuran j\u00e4senmaksun maksamaan.<br><\/li>\n\n\n\n<li><strong>HUOM!!!<\/strong> Jos olit juniorij\u00e4sen, mutta vuoden vaihtumisen my\u00f6t\u00e4 siirryt aikuisj\u00e4seneksi. Hae aikuisj\u00e4senyytt\u00e4.<br><\/li>\n\n\n\n<li><strong>\u00c4l\u00e4 osta kilpailulisenssi\u00e4 jos sinulla ei ole j\u00e4senyytt\u00e4 voimassa!<\/strong>\n<ul class=\"wp-block-list\">\n<li>Voimassaolevat j\u00e4senyydet ja kilpailulisenssit n\u00e4et Suomisportista<\/li>\n<\/ul>\n<\/li>\n<\/ol>\n\n\n\n<p style=\"font-size:24px\"><span style=\"text-decoration: underline;\"><strong>UUDET J\u00c4SENET<\/strong><\/span><\/p>\n\n\n\n<ul class=\"wp-block-list\">\n<li>Yhdistyslain toteutumiseksi <strong>uuden j\u00e4senen t\u00e4ytyy pyyt\u00e4\u00e4 p\u00e4\u00e4st\u00e4 seuran j\u00e4seneksi.<\/strong><\/li>\n\n\n\n<li>Seuran <strong>edustaja sitten hyv\u00e4ksyy j\u00e4senhakemuksen<\/strong> (meill\u00e4 ei t\u00e4h\u00e4n ole muuta protokollaa kuin ett\u00e4 kunnioitamme kaikkia jotka haluavat seuramme j\u00e4seneksi liitty\u00e4 ja noudattaa s\u00e4\u00e4nt\u00f6j\u00e4mme) <strong>jonka j\u00e4lkeen p\u00e4\u00e4see sitten maksamaan j\u00e4senyyden.<\/strong><\/li>\n\n\n\n<li><strong>SuomiSportissa l\u00f6ytyy maksumahdollisuus<\/strong> hyv\u00e4ksymisen j\u00e4lkeen kohdassa Maksut.<\/li>\n<\/ul>\n\n\n\n<p style=\"font-size:20px\"><strong>Alla linkit Suomisportin &#8221;Liity Nummelan frisbeeseura ry:n j\u00e4seneksi&#8221;<\/strong><\/p>\n\n\n\n<p><a href=\"https:\/\/seurat.suomisport.fi\/invite\/8c1ea329-2f4d-42de-8404-6eb3efb15247\" target=\"_blank\" rel=\"noreferrer noopener\">Aikuisen (v. 2007 tai aiemmin syntyneet)<\/a><\/p>\n\n\n\n<p><a href=\"https:\/\/seurat.suomisport.fi\/invite\/e30a2be7-4dc0-4661-ab33-800bd40dbc88\" target=\"_blank\" rel=\"noreferrer noopener\">Juniorin (v. 2008 tai my\u00f6hemmin syntyneet)&nbsp;<\/a><\/p>\n\n\n\n<p style=\"font-size:22px\"><strong><span style=\"text-decoration: underline;\">Vanhat eli jo aiemmin j\u00e4senen\u00e4 olleet<\/span><\/strong><\/p>\n\n\n\n<ul class=\"wp-block-list\">\n<li>Vuonna 2025 j\u00e4senen\u00e4 olleet (j\u00e4senmaksunsa maksaneet) voivat menn\u00e4 suoraan Suomisportiin ja siell\u00e4 kohtaan &#8221;Maksut&#8221; jossa p\u00e4\u00e4see seuran j\u00e4senmaksun maksamaan.<\/li>\n\n\n\n<li>Suomisportista l\u00f6yt\u00e4\u00e4 my\u00f6s liiton kilpailulisenssin n\u00e4pp\u00e4r\u00e4sti maksettavaksi.<\/li>\n<\/ul>\n\n\n\n<p style=\"font-size:22px\"><strong><span style=\"text-decoration: underline;\">Seurasta eroaminen (J\u00e4senen toimesta)<\/span><\/strong><\/p>\n\n\n\n<ul class=\"wp-block-list\">\n<li>Jos koet, ett\u00e4 haluat erota seurasta, tapahtuu se s\u00e4\u00e4nt\u00f6jen mukaan niin, ett\u00e4 l\u00e4het\u00e4t eropyynn\u00f6n pj@nummelanfrisbeeseura.com.<\/li>\n\n\n\n<li>Meille ei tarvitse perustella p\u00e4\u00e4t\u00f6st\u00e4. Kunnioitamme kaikkien p\u00e4\u00e4t\u00f6ksi\u00e4 ja olet aina tervetullut seuran j\u00e4seneksi uudelleen.<\/li>\n\n\n\n<li>Ilmoitukseen tarvitsemme j\u00e4senen koko nimen, Suomisporti ID (Jotta voimme varmistua, ett\u00e4 poistettava j\u00e4sen on varmasti oikea)<\/li>\n\n\n\n<li>Ennen lopullista eroamista, seuran puheenjohtaja tarkastaa, ett\u00e4 ei ole mit\u00e4\u00e4n velvoitteita mitk\u00e4 pit\u00e4\u00e4 hoitaa jotta eroaminen on mahdollista (esim. jos j\u00e4sen on hallituksessa tai muussa roolissa)<\/li>\n\n\n\n<li>Jos j\u00e4senmaksu on maksettu aikaisemmin, sit\u00e4 emme valitettavasti palauta.<\/li>\n<\/ul>\n\n\n\n<p style=\"font-size:22px\"><span style=\"text-decoration: underline;\"><strong>Kilpailulisenssin hankkiminen<\/strong><\/span> <\/p>\n\n\n\n<ul class=\"wp-block-list\">\n<li>Kilpailulisenssin hankkiminen tapahtuu SuomiSportista<\/li>\n\n\n\n<li>Suomen frisbeegolfliiton alaisissa kilpailuissa pelaamiseen vaaditaan jatkossakin seuran j\u00e4senyys ja liiton kilpailulisenssi.<\/li>\n\n\n\n<li>Suomen frisbeegolfLiiton kilpailulisenssi sis\u00e4lt\u00e4\u00e4 PDGA:n kilpailulisenssin joten sit\u00e4 ei kannata erikseen PDGA:lta hankkia.<\/li>\n\n\n\n<li>Liiton kilpailulisenssi on siis erillinen tuote joka vaaditaan Suomessa kilpaa pelaamiseen.<\/li>\n\n\n\n<li>Viikkokisoissa ja muissa ep\u00e4virallisissa kilpailuissa kilpailulisenssi\u00e4 ei tarvita.<\/li>\n\n\n\n<li>NFS suosittelee my\u00f6s liiton yhteisty\u00f6kumppanin tarjoamaa Sporttiturvavakuutusta joka my\u00f6s l\u00f6ytyy SuomiSportista.<\/li>\n<\/ul>\n\n\n\n<p style=\"font-size:22px\"><strong><span style=\"text-decoration: underline;\">Suomen frisbeegolfliiton &#8221;j\u00e4senyys, lisenssi ja vakuutus&#8221;<\/span><\/strong><\/p>\n\n\n\n<p>Lis\u00e4tietoja Suomenfrisbeegolfliiton &#8221;j\u00e4senyys, lisenssi ja vakuutus&#8221; asioita l\u00f6ytyy liiton &#8221;<a href=\"https:\/\/frisbeegolfliitto.fi\/lisenssi-ja-vakuutus\/\" target=\"_blank\" rel=\"noreferrer noopener\">J\u00e4senyys, lisenssi ja vakuutus<\/a>&#8221; sivulta.<\/p>\n\n\n\n<p style=\"font-size:22px\"><strong><span style=\"text-decoration: underline;\">J\u00e4senet Disc Golf Metrixiss\u00e4 (Seurat)<\/span><\/strong><\/p>\n\n\n\n<ul class=\"wp-block-list\">\n<li>Pid\u00e4 huoli, ett\u00e4 sinut l\u00f6yt\u00e4\u00e4 helposti Disc Golf Metrixist\u00e4<\/li>\n\n\n\n<li>Poista ylim\u00e4\u00e4r\u00e4iset profiilit tai nime\u00e4 muut profiilit semmoiseksi, ett\u00e4 seura ja kilpailutoiminnassa ei niihin mitenk\u00e4\u00e4n t\u00f6rm\u00e4t\u00e4 (Suosittelemme vahvasti, ett\u00e4 sinulla on vain yksi profiili)<\/li>\n<\/ul>\n\n\n\n<p style=\"font-size:22px\"><strong><span style=\"text-decoration: underline;\">Disc Golf Metrix &#8211; Suomisport linkitys<\/span><\/strong><\/p>\n\n\n\n<ul class=\"wp-block-list\">\n<li><strong>Vain jos sinulla on kilpailulisenssi<\/strong> ostettu (<strong>samalla my\u00f6s j\u00e4senyys voimassa j\u00e4senseuraan<\/strong>)<\/li>\n\n\n\n<li>Linkit\u00e4 oikein Suomisport ja Disc Golf Metrix<\/li>\n\n\n\n<li>Disc Golf Metrix tarvitsee Suomisport Sportti-ID:n ja se l\u00f6ytyy:\n<ul class=\"wp-block-list\">\n<li>Selaimella ja sovelluksella: Heti Suomisportin etusivulta kun olet kirjautunut<\/li>\n\n\n\n<li>Suomisport-ID sy\u00f6tet\u00e4\u00e4n &#8221;Asetukset&#8221; kautta &#8221;Liit\u00e4 SFL lisenssi&#8221; osiossa &#8221;SuomiSport ID:&#8221; kentt\u00e4\u00e4n. \u00c4l\u00e4 lis\u00e4\u00e4 mit\u00e4\u00e4n ylim\u00e4\u00e4r\u00e4isi\u00e4 merkkej\u00e4! Muista tallentaa!<\/li>\n<\/ul>\n<\/li>\n\n\n\n<li>Suomisport tarvitsee PDGA numeron\n<ul class=\"wp-block-list\">\n<li>PDGA numeron saat PDGA:lta ja l\u00f6yd\u00e4t sen esim. sinun PDGA sivuilta (mene www.pdga.com sivulle, hae itse\u00e4si esim. etunumi sukunimi ja mene profiili sivulle.<\/li>\n\n\n\n<li>PDGA numero on se numero mik\u00e4 on PDGA profiilissa nimesi per\u00e4ss\u00e4 &#8221;#&#8221; -merkin j\u00e4lkeen<\/li>\n\n\n\n<li>Mene Suomisporttiin selaimella ja lis\u00e4\u00e4 PDGA numerosi (Ilman &#8221;#&#8221; -merkki\u00e4) &#8221;LAJIKOHTAISET LIS\u00c4TIETOSI&#8221; osioon. Klikkaa Frisbeegolf kohtaa, sy\u00f6t\u00e4 numero ja paina &#8221;Tallenna tiedot&#8221;<\/li>\n<\/ul>\n<\/li>\n\n\n\n<li>T\u00e4m\u00e4n j\u00e4lkeen sinun Disc Golf Metrix profiilissasi n\u00e4kyy sinun PDGA numero<\/li>\n<\/ul>\n","protected":false},"excerpt":{"rendered":"<p>Tervetuloa j\u00e4seneksi asioiden pariin! Nummelan frisbeeseura ry. (NFS) on Suomen Frisbeegolfliiton (SFL) j\u00e4senseura eli seuramme j\u00e4senet ovat j\u00e4senmaksumme maksamalla my\u00f6s SFL:n&nbsp;j\u00e4seni\u00e4. Sis\u00e4llysluettelo J\u00e4senmaksut: NFS Aikuisj\u00e4sen 2026: 15 \u20ac NFS Juniorij\u00e4senmaksu 2026: 8 \u20ac VINKIT: UUDET J\u00c4SENET Alla linkit Suomisportin &#8221;Liity Nummelan frisbeeseura ry:n j\u00e4seneksi&#8221; Aikuisen (v. 2007 tai aiemmin syntyneet) Juniorin (v. 2008 tai my\u00f6hemmin &hellip; <a href=\"https:\/\/www.nummelanfrisbeeseura.com\/kotisivut\/jasenmaksut\/\" class=\"more-link\">Jatka lukemista <span class=\"screen-reader-text\">J\u00e4seneksi?<\/span> <span class=\"meta-nav\">&rarr;<\/span><\/a><\/p>\n","protected":false},"author":1,"featured_media":0,"parent":0,"menu_order":0,"comment_status":"closed","ping_status":"closed","template":"","meta":{"_bbp_topic_count":0,"_bbp_reply_count":0,"_bbp_total_topic_count":0,"_bbp_total_reply_count":0,"_bbp_voice_count":0,"_bbp_anonymous_reply_count":0,"_bbp_topic_count_hidden":0,"_bbp_reply_count_hidden":0,"_bbp_forum_subforum_count":0,"jetpack_post_was_ever_published":false,"footnotes":""},"class_list":["post-16","page","type-page","status-publish","hentry"],"jetpack_sharing_enabled":true,"jetpack_shortlink":"https:\/\/wp.me\/P8w7cz-g","jetpack-related-posts":[],"_links":{"self":[{"href":"https:\/\/www.nummelanfrisbeeseura.com\/kotisivut\/wp-json\/wp\/v2\/pages\/16","targetHints":{"allow":["GET"]}}],"collection":[{"href":"https:\/\/www.nummelanfrisbeeseura.com\/kotisivut\/wp-json\/wp\/v2\/pages"}],"about":[{"href":"https:\/\/www.nummelanfrisbeeseura.com\/kotisivut\/wp-json\/wp\/v2\/types\/page"}],"author":[{"embeddable":true,"href":"https:\/\/www.nummelanfrisbeeseura.com\/kotisivut\/wp-json\/wp\/v2\/users\/1"}],"replies":[{"embeddable":true,"href":"https:\/\/www.nummelanfrisbeeseura.com\/kotisivut\/wp-json\/wp\/v2\/comments?post=16"}],"version-history":[{"count":50,"href":"https:\/\/www.nummelanfrisbeeseura.com\/kotisivut\/wp-json\/wp\/v2\/pages\/16\/revisions"}],"predecessor-version":[{"id":3538,"href":"https:\/\/www.nummelanfrisbeeseura.com\/kotisivut\/wp-json\/wp\/v2\/pages\/16\/revisions\/3538"}],"wp:attachment":[{"href":"https:\/\/www.nummelanfrisbeeseura.com\/kotisivut\/wp-json\/wp\/v2\/media?parent=16"}],"curies":[{"name":"wp","href":"https:\/\/api.w.org\/{rel}","templated":true}]}}