{"id":2255,"date":"2023-05-14T12:59:26","date_gmt":"2023-05-14T10:59:26","guid":{"rendered":"https:\/\/www.nummelanfrisbeeseura.com\/kotisivut\/?page_id=2255"},"modified":"2023-05-14T13:31:22","modified_gmt":"2023-05-14T11:31:22","slug":"viikkokilpailut","status":"publish","type":"page","link":"https:\/\/www.nummelanfrisbeeseura.com\/kotisivut\/viikkokilpailut\/","title":{"rendered":"Viikkokilpailut"},"content":{"rendered":"\n<p style=\"font-size:22px\"><strong>Pajuniitty:<\/strong><\/p>\n\n\n\n<ul class=\"wp-block-list\">\n<li>Toistaiseksi ei pidet\u00e4<\/li>\n<\/ul>\n\n\n\n<p style=\"font-size:22px\"><strong>Nummelanharjun frisbeegolfrata:<\/strong><\/p>\n\n\n\n<ul class=\"wp-block-list\">\n<li>Kaudella 2023 viikkokilpailut pidet\u00e4\u00e4n (jos meill\u00e4 on TD) Tiistaisin klo 18:00 &#8211; n. 20:00<\/li>\n\n\n\n<li>Pidet\u00e4\u00e4nk\u00f6 ko. viikon viikkokilpailu vahvistetaan Disc Golf Metrix sivujen &#8221;Uutiset&#8221; osiossa Ma klo 18:00 menness\u00e4 (ilmoittautuminen alkaa MA klo 18:00)<\/li>\n\n\n\n<li>Lis\u00e4tietoa Nummelanharjun viikkokilpailuista 2023 l\u00f6yd\u00e4t Disc Golf Metrixist\u00e4 <a href=\"https:\/\/discgolfmetrix.com\/2373113&amp;view=info\" target=\"_blank\" rel=\"noreferrer noopener\">Nummelanharjun viikkokilpailut 2023<\/a><\/li>\n<\/ul>\n\n\n\n<p style=\"font-size:22px\"><strong>Frisbeegolfkentt\u00e4 Kaatis:<\/strong><\/p>\n\n\n\n<ul class=\"wp-block-list\">\n<li>Toistaiseksi ei pidet\u00e4<\/li>\n<\/ul>\n\n\n\n<p style=\"font-size:22px\"><strong>Viikkokilpailun TD:ksi?<\/strong><\/p>\n\n\n\n<ul class=\"wp-block-list\">\n<li>Yli 16 v. seuran j\u00e4sen<\/li>\n\n\n\n<li>Disc Golf Metrixiss\u00e4 on tunnus ja on k\u00e4ytt\u00e4nyt sit\u00e4 ainakin tulosten kirjaamisessa<\/li>\n\n\n\n<li>Olet valmis vet\u00e4m\u00e4\u00e4n viikkokilpailun pari kertaa kauden aikana<\/li>\n\n\n\n<li>Ole yhteydess\u00e4 Otto Reunaseen [puh.num] \/ [e-mail]<\/li>\n\n\n\n<li>Et\u00e4tuki on aina sovittavissa<\/li>\n<\/ul>\n\n\n\n<p><strong>Etuja:<\/strong><\/p>\n\n\n\n<ul class=\"wp-block-list\">\n<li>TD ei maksa osallistumismaksua ja p\u00e4\u00e4see aina kilpailemaan<\/li>\n\n\n\n<li>TD p\u00e4\u00e4see l\u00e4htem\u00e4\u00e4n aina #1 v\u00e4yl\u00e4lt\u00e4 \ud83d\ude42<\/li>\n\n\n\n<li>Oppii TD maailmasta ja sit\u00e4 kautta jos kiinnostaa, voi l\u00e4hte\u00e4 mukaan vet\u00e4m\u00e4\u00e4n isompia kisoja<\/li>\n\n\n\n<li>Mahdollisuus voittaa palkintoja siin\u00e4 miss\u00e4 muutkin<\/li>\n<\/ul>\n\n\n\n<p style=\"font-size:22px\"><strong>Viikkokilpailun TD opas<\/strong><\/p>\n\n\n\n<p>TD oppaaseen on kuvattu teht\u00e4v\u00e4t joita TD tekee minimiss\u00e4\u00e4n viikkokilpailun osalta (x teht\u00e4v\u00e4\u00e4 paikanp\u00e4\u00e4ll\u00e4 kilpailua ennen, aikana ja j\u00e4lkeen). Et\u00e4tuki on aina sovittavissa.<\/p>\n\n\n\n<p>Salasana jaetaan TD ringiss\u00e4 oleville.<\/p>\n\n\n\n<figure class=\"wp-block-embed is-type-wp-embed is-provider-nummelan-frisbeeseura-ry wp-block-embed-nummelan-frisbeeseura-ry\"><div class=\"wp-block-embed__wrapper\">\n<blockquote class=\"wp-embedded-content\" data-secret=\"USHu0uhQV1\"><a href=\"https:\/\/www.nummelanfrisbeeseura.com\/kotisivut\/viikkokilpailut-td-opas\/\">Suojattu: Viikkokilpailut TD opas<\/a><\/blockquote><iframe loading=\"lazy\" class=\"wp-embedded-content\" sandbox=\"allow-scripts\" security=\"restricted\" style=\"position: absolute; clip: rect(1px, 1px, 1px, 1px);\" title=\"&#8221;Suojattu: Viikkokilpailut TD opas&#8221; &#8212; Nummelan Frisbeeseura ry\" src=\"https:\/\/www.nummelanfrisbeeseura.com\/kotisivut\/viikkokilpailut-td-opas\/embed\/#?secret=q6HUEP88T4#?secret=USHu0uhQV1\" data-secret=\"USHu0uhQV1\" width=\"474\" height=\"267\" frameborder=\"0\" marginwidth=\"0\" marginheight=\"0\" scrolling=\"no\"><\/iframe>\n<\/div><\/figure>\n","protected":false},"excerpt":{"rendered":"<p>Pajuniitty: Nummelanharjun frisbeegolfrata: Frisbeegolfkentt\u00e4 Kaatis: Viikkokilpailun TD:ksi? Etuja: Viikkokilpailun TD opas TD oppaaseen on kuvattu teht\u00e4v\u00e4t joita TD tekee minimiss\u00e4\u00e4n viikkokilpailun osalta (x teht\u00e4v\u00e4\u00e4 paikanp\u00e4\u00e4ll\u00e4 kilpailua ennen, aikana ja j\u00e4lkeen). Et\u00e4tuki on aina sovittavissa. Salasana jaetaan TD ringiss\u00e4 oleville.<\/p>\n","protected":false},"author":3,"featured_media":99,"parent":0,"menu_order":0,"comment_status":"closed","ping_status":"closed","template":"","meta":{"_bbp_topic_count":0,"_bbp_reply_count":0,"_bbp_total_topic_count":0,"_bbp_total_reply_count":0,"_bbp_voice_count":0,"_bbp_anonymous_reply_count":0,"_bbp_topic_count_hidden":0,"_bbp_reply_count_hidden":0,"_bbp_forum_subforum_count":0,"jetpack_post_was_ever_published":false,"footnotes":""},"class_list":["post-2255","page","type-page","status-publish","has-post-thumbnail","hentry"],"jetpack_sharing_enabled":true,"jetpack_shortlink":"https:\/\/wp.me\/P8w7cz-An","jetpack-related-posts":[],"_links":{"self":[{"href":"https:\/\/www.nummelanfrisbeeseura.com\/kotisivut\/wp-json\/wp\/v2\/pages\/2255","targetHints":{"allow":["GET"]}}],"collection":[{"href":"https:\/\/www.nummelanfrisbeeseura.com\/kotisivut\/wp-json\/wp\/v2\/pages"}],"about":[{"href":"https:\/\/www.nummelanfrisbeeseura.com\/kotisivut\/wp-json\/wp\/v2\/types\/page"}],"author":[{"embeddable":true,"href":"https:\/\/www.nummelanfrisbeeseura.com\/kotisivut\/wp-json\/wp\/v2\/users\/3"}],"replies":[{"embeddable":true,"href":"https:\/\/www.nummelanfrisbeeseura.com\/kotisivut\/wp-json\/wp\/v2\/comments?post=2255"}],"version-history":[{"count":2,"href":"https:\/\/www.nummelanfrisbeeseura.com\/kotisivut\/wp-json\/wp\/v2\/pages\/2255\/revisions"}],"predecessor-version":[{"id":2262,"href":"https:\/\/www.nummelanfrisbeeseura.com\/kotisivut\/wp-json\/wp\/v2\/pages\/2255\/revisions\/2262"}],"wp:featuredmedia":[{"embeddable":true,"href":"https:\/\/www.nummelanfrisbeeseura.com\/kotisivut\/wp-json\/wp\/v2\/media\/99"}],"wp:attachment":[{"href":"https:\/\/www.nummelanfrisbeeseura.com\/kotisivut\/wp-json\/wp\/v2\/media?parent=2255"}],"curies":[{"name":"wp","href":"https:\/\/api.w.org\/{rel}","templated":true}]}}